et p be 0*(-1 + 0 - -2). Suppose p = o - 0*o - 4*s - f, 4*o - 85 = 3*s. List the prime factors of o.
2, 11
Let x = 3 - 1. Suppose 0 = -x*a + w - 99 + 406, -w - 3 = 0. What are the prime factors of a?
2, 19
What are the prime factors of 7*(-10)/35*529/(-2)?
23
Suppose 7*o = 5*o + 340. What are the prime factors of (-2)/(0 - 5/o)?
2, 17
Suppose 0 = -15*z + 3978 - 1518. List the prime factors of z.
2, 41
Suppose 4*h + 786 = i, 4*h - 1203 = -2*i + 369. What are the prime factors of i?
2, 3, 131
Let w(q) = -62*q - 63. List the prime factors of w(-10).
557
Let g(k) = k + 8. Let b be g(-3). Suppose b*t = t + 212. List the prime factors of t.
53
What are the prime factors of ((-195)/130)/(1 + (-4755)/4752)?
2, 3, 11
Let b(j) = j - 7. Let r(c) be the third derivative of -c**4/12 - c**3/3 + 2*c**2. Let v be r(-6). List the prime factors of b(v).
3
Suppose -4*j + 3141 = s, -5*j - 2*s = -823 - 3104. Suppose -3050 = -13*u + j. List the prime factors of u.
5, 59
Suppose 307 = 3*k + 4*n, -5*k = -0*k - 2*n - 529. What are the prime factors of k?
3, 5, 7
Let p(o) = -8*o - 2. Let y be p(-1). Let c = y - 4. Let i = 13 - c. What are the prime factors of i?
11
Suppose 6 = 3*s - 3. Suppose 5*i + 2*b = -2*b + 40, s*i = -5*b + 37. Suppose 2*d = -2*o + i*o - 74, 4*o = -2*d + 166. What are the prime factors of o?
2, 5
Let z = 1049 - 376. What are the prime factors of z?
673
List the prime factors of 1558 - (2/(-9)*-9 + -5).
7, 223
Let d = -119 + 311. List the prime factors of d/3 + 1 + -4.
61
Let p be 0 - (3 + -3)/(-4). Suppose p = 5*t - 102 - 158. What are the prime factors of t?
2, 13
Suppose 195 = 4*c - c. Let y = 541 - 566. Let a = c + y. List the prime factors of a.
2, 5
Suppose 7 = j + 2. Suppose -3*r + 6*r = 2*a + 76, -5*r + 2*a = -120. Suppose -j*c = -u + 19, 0*c + r = u - 2*c. What are the prime factors of u?
2, 3
Suppose -5*i + 2*l = l - 212, l = -5*i + 208. List the prime factors of i.
2, 3, 7
Let p(w) = w**2 + 13*w + 2. Let f be p(-9). Let b = 52 + f. List the prime factors of b.
2, 3
Let b = -14 + 75. Let n = -46 + b. List the prime factors of n.
3, 5
Suppose -5*r = -2*o + 138, 5*r - 345 = -5*o - 0*o. Let p be 5/35 - o/(-7). Let t(g) = g**3 - 9*g**2 - 10*g + 5. What are the prime factors of t(p)?
5
Suppose 28120 = -63*r + 119281. What are the prime factors of r?
1447
Let f = 11 - -9. Suppose 36*i + f = 40*i. What are the prime factors of i?
5
Let p(m) = 9*m + 15. Let n(z) = -2*z - 3. Let f(r) = -24*n(r) - 5*p(r). Let b be f(-3). What are the prime factors of 2/(-3) - 116/b?
3
Let t = -4 + 51. Suppose -3*a + t = y, 3*a - 7*y - 71 = -2*y. List the prime factors of a.
17
Suppose 4*x + d = 445, 2*x - 3*d - 221 = 12. Let a = -41 + x. List the prime factors of a.
71
Let j(c) = c**3 + 35*c**2 - 125*c - 70. What are the prime factors of j(-36)?
2, 1567
Let w = -738 - -1861. What are the prime factors of w?
1123
Let u = 452 + 1087. What are the prime factors of u?
3, 19
Let p = 401 - 237. What are the prime factors of p?
2, 41
Let f be (-8)/(-12) - (-40)/3. Let k(z) = z**2 + 6*z - 6. Let g be k(-6). Let b = f + g. What are the prime factors of b?
2
List the prime factors of 3*(3725/15 + -4).
733
Suppose 366 + 474 = 6*k. Suppose -5*s - 195 - k = 0. Let w = 94 + s. What are the prime factors of w?
3
Let v(n) = 286*n + 17. Let a(z) = 95*z + 6. Let g(j) = -11*a(j) + 4*v(j). List the prime factors of g(1).
101
Suppose 11*t - 6*t = 20. Suppose 0 = t*p - 5*p + 39. What are the prime factors of p?
3, 13
Let f be 1/(-1) + 144/6. Suppose i - f = -0*i. What are the prime factors of i?
23
Suppose 0 = 5*c + 33 - 13, -3*a - 5*c + 2272 = 0. List the prime factors of a.
2, 191
Suppose y = 2*i - i + 39, -3*y + 115 = -2*i. Let g = -21 + y. What are the prime factors of g?
2
Let w(t) = -2*t + 6. Suppose -s = -5*s - 4*i, 4*i = 2*s. Let p be w(s). Let a = p + 13. What are the prime factors of a?
19
Suppose -2*n + 7*n - 1415 = 0. Let x = n - 128. What are the prime factors of x?
5, 31
Let z(k) = -k**2 + 25*k + 50. Let t be z(27). List the prime factors of (-216)/(-30)*(t/(-2) - -28).
2, 3
Let x(u) = 11*u**2 + 4*u - 3. Let y be ((-2)/(-3)*1)/(4/(-18)). List the prime factors of x(y).
2, 3, 7
Let c(u) = u**2 + u - 23. List the prime factors of c(-22).
439
What are the prime factors of 92196/84 + (-1)/((-14)/6)?
2, 3, 61
Suppose 0 = -f - 1 + 7. Suppose 0 = 2*s - 5*s - f. Let i(g) = 4*g**2 + g - 2. List the prime factors of i(s).
2, 3
Suppose 2*s + 3*f + 2 = -16, 4*s + 5*f + 38 = 0. Let g be (s/4 + 2)*7. What are the prime factors of (g/(-14))/(1/14)?
7
Suppose 4*u + 3*h = -24, -21 = -2*u + 5*u + 3*h. What are the prime factors of (53 - -1)*12/(-8)*u?
3
Suppose 0 = 5*m - 4*v - 348, -2*m + 4*v - 372 = -7*m. Let b = -56 + m. What are the prime factors of b?
2
Let a = -31 + 0. Let z = a + 13. Let v = z - -45. What are the prime factors of v?
3
Suppose 3*c + 0*c - 1872 = -5*h, -4*c = 5*h - 1871. What are the prime factors of h?
3, 5
Let f = 136 - 123. Suppose -f*n = -20*n + 2058. List the prime factors of n.
2, 3, 7
Suppose 4*g - 2*v - 11 = -v, 4*g - 16 = -4*v. Let t = 6 - g. Suppose -40 = -4*h + t*h + j, -2*j = 5*h - 179. What are the prime factors of h?
37
Suppose 714 + 991 = 11*z. What are the prime factors of z?
5, 31
Let x = -18 + 13. List the prime factors of 56 + (-2 - (-10)/x).
2, 13
Let b be (-6)/15 - 2418/30. Let h = b + 269. What are the prime factors of h?
2, 47
Let z(x) = x**3 + 2*x**2 + x - 31. Let r be z(0). Let o = r - -96. What are the prime factors of o?
5, 13
Suppose q + 1830 = 7*q. Let y = -203 + q. List the prime factors of y.
2, 3, 17
Let n be (-18)/(-14) + (-2)/7. Let a = n - -5. What are the prime factors of -3*(-1 + (-8)/a)?
7
Let s be 3/(12/8) + 8. Suppose 6*v = s*v - 48. Suppose k - 15 - v = 0. List the prime factors of k.
3
Suppose -3*m + 560 = 2*w + 2*w, -4*w + 2*m = -540. Suppose -w - 178 = -5*s. List the prime factors of s.
3, 7
Let d(h) = 4*h**3 + 2*h**2 + 6*h - 4. Let i be d(3). Let p = 257 - i. What are the prime factors of p?
3, 13
Suppose -76*t + 3*y = -81*t + 8067, -2*y = -t + 1603. List the prime factors of t.
3, 179
Suppose -18 = -7*c + 10. Let x(m) = -m - 1. Let n be x(-3). Let v = c + n. What are the prime factors of v?
2, 3
Let z(x) be the third derivative of 0*x**4 + 6*x**2 + 0*x - 1/120*x**6 + 4/3*x**3 - 1/60*x**5 + 0. List the prime factors of z(-4).
2, 7
Let k be (6/9)/(4/18). Suppose 2*s - 3 = k. What are the prime factors of (160/(-30))/((-2)/s)?
2
Suppose -92 - 77 = -2*n - s, -n + 5*s = -68. Suppose -n - 427 = -10*t. What are the prime factors of t?
3, 17
Let y be ((-2)/(-8) - 7/(-28))*12. Let i = 37 + -1. Suppose y*x - i = 4*x + 2*w, -3*x + 4*w + 59 = 0. What are the prime factors of x?
13
Suppose -384 = 4*t - 0*t. What are the prime factors of (-3)/((388/t - -2) + 2)?
2, 3
Let o(l) = l**2 + 30*l - 128. List the prime factors of o(-38).
2, 11
Let z(k) = 12*k**2 - 15*k - 6. Let t be z(5). Suppose -5*b + 561 = -t. What are the prime factors of b?
2, 3, 13
Suppose -4*b + 6 = -10. Suppose -b*f = 38 - 102. What are the prime factors of f?
2
Suppose 5*o = 5*n + 55, 4*n + 1 = -3*o + 20. Suppose -2*g = -o - 17. List the prime factors of g.
13
Let r = 78 - -20. Let o = 1 + r. Let g = o + -62. List the prime factors of g.
37
Let t be 118/10 + 19/95. Let b be (-4 - 52/(-12))*t. Suppose -184 = -4*x - b*w, -152 + 38 = -3*x + 3*w. List the prime factors of x.
2, 3, 7
Let s(i) = -i**2 + 5. Let v be s(-2). Let j be ((-3)/(-9))/(v/45). Let n = 26 - j. What are the prime factors of n?
11
Let j(g) = -g**2 + 2*g + 1. Let r be (6 - 1) + -1 + 1. Let i be j(r). Let d = i - -21. List the prime factors of d.
7
Let j be 694/12 + (-3)/(-18). Let z = j + -25. List the prime factors of z.
3, 11
Suppose 0 = x + 2*x. Suppose 0 = -x*z - 5*z + 25. Suppose -4*f + 72 = 5*a, 3*a - 4*f = -z*f + 46. List the prime factors of a.
2
Let r(k) = 26*k + 65. Let j be r(-15). Let a = 544 + j. List the prime factors of a.
3, 73
Let d = 13 - -56. Let a be 6/(-24) + d/(-12). Let u = 31 - a. List the prime factors of u.
37
Let d be -1*4/8*-6. Suppose 5*m + 3*b - 1507 = 0, -636 = -d*m + 4*b + 245. List the prime factors of m.
13, 23
Let d(w) = -59 + 114 - 58 + 12*w. What are the prime factors of d(5)?
3, 19
Let h(w) = -w**2 - 3*w + 5. Let b be h(0). Suppose -b*k + 135 = 5*y, -3*y = -5*y + 2